t j = 1414 + -1405. Let h be 1*-3*(0 - 3). What is the highest common divisor of h and j?
9
Suppose -2*n = -4*n + 14. Suppose y - 2 - 9 = -5*h, 90 = 3*y - 4*h. Let c = y + n. Calculate the greatest common factor of 3 and c.
3
Let u be 2*((-21)/(-6) + -2). Suppose -u*w + 34 = -k, 0 = -4*w + 2*k - 0*k + 48. Suppose w = 5*o - 15. Calculate the greatest common divisor of o and 55.
5
Let q be (459/34)/((-1)/(-22)). Suppose -10*u = -u - q. Calculate the greatest common divisor of 3 and u.
3
Let x = 5963 - 5952. Suppose -h = 2*h + 264. Let p be 1/(-1) + (1 - h). What is the greatest common factor of x and p?
11
Suppose 115 = i - 2*h, -3*h + 439 - 12 = 4*i. Suppose 0 = 3*w + 43 - i. Let n = w - 21. Calculate the greatest common factor of n and 7.
1
Let q be 2/8 - 14/(-8). Let y be (1 + 1)*-16*405/(-1620). What is the highest common factor of q and y?
2
Suppose 0 = -4*l + 14 + 126. Let t be 620/l + (-4)/(-14). Suppose -t = -u - 4*i, 2*i - 12 = -4*u + 6*i. What is the highest common divisor of u and 42?
6
Let l = 25 - 10. Let d = -9 + l. Suppose -q - 80 = -d*q. Calculate the highest common factor of 8 and q.
8
Let u be (-6)/15 + (-102)/(-5). Let m be (-1)/(-5) - (-276)/u. Let h(j) = 2*j**2 + 33*j + 47. Let l be h(-15). Calculate the greatest common factor of l and m.
2
Suppose -5*c - 2431 = 989. Let v be c/(-90) + (-3)/5. What is the greatest common divisor of 49 and v?
7
Let f(o) = o**3 + 3*o**2 - o - 9. Let m be f(-3). Let l be (-1)/2 - 33/m. Calculate the greatest common factor of l and 5.
5
Suppose -2*p - 23 - 1 = 0. Suppose -3*f + 2*m = -32, 4*f - 12 = -2*m - 3*m. Let o be 3/p - (-226)/f. What is the greatest common factor of o and 42?
14
Let h(s) = -s**2 + 8*s + 15. Let v be h(7). Calculate the highest common factor of 242 and v.
22
Suppose -9*b = 2*b - 1463. Let y = b + -122. What is the greatest common factor of 187 and y?
11
Let l(b) = -19*b**3 - 4*b - 3. Suppose 5*p = -3*h - 22, 2*h + 10 = -p - 0*h. Let u be l(p). Let w = u + -85. What is the greatest common factor of w and 18?
18
Let a be 5 + -2 + -7 - (-480)/5. Calculate the highest common divisor of a and 138.
46
Let j be (-7)/(-2) - (-24)/(-16). Let l(t) = -t**3 - 2*t**2 + 1. Let m be (3 - 6/4)*-2. Let c be l(m). What is the highest common divisor of j and c?
2
Let p be ((-8)/6)/(89/(-1602)). What is the greatest common factor of p and 32?
8
Suppose -24 - 28 = j. Let u = 152 + j. Calculate the greatest common factor of 25 and u.
25
Let b = 158 + -45. Suppose 109*q + 132 = b*q. Calculate the highest common divisor of 11 and q.
11
Suppose -5*l = l - 66. Let g = 202 - -95. Calculate the greatest common factor of g and l.
11
Let o(x) = -2*x**3 - 74*x**2 + 53*x - 20. Let q be o(-38). What is the highest common factor of q and 14?
14
Let s(i) = i**2 - 5*i - 24. Let w be s(8). Suppose 11*f - 10*f + 5*v - 33 = w, -3*f + 99 = -4*v. What is the highest common divisor of 77 and f?
11
Suppose 56405 - 7697 = 123*x. What is the highest common factor of x and 12?
12
Suppose -4*v + 2104 = 7432. Let s be v/(-45) + (-2)/(-5). What is the highest common divisor of s and 330?
30
Let u(f) = -f**3 - 12*f**2 - 23*f - 24. Let x be u(-11). Calculate the highest common factor of x and 54.
54
Let x = 58 - 28. Suppose 15*n = 13*n + x. Calculate the highest common factor of n and 10.
5
Suppose 56 = 18*j + 2. Calculate the highest common divisor of j and 75.
3
Let d(r) = r**3 - 15*r**2 - 10*r + 9. Suppose 4*y - 48 = -2*v - 2*v, 0 = -4*v - 3*y + 52. Let a be d(v). What is the highest common divisor of a and 35?
35
Let r = 13 - 8. Let g be ((-30)/12)/(4/(-480)). Suppose 5*t - 77 = -2*o + 22, -2*t + g = r*o. What is the greatest common factor of o and 31?
31
Suppose 0 = -4*b - 81 + 113. What is the highest common divisor of b and 632?
8
Let t = 92 + -176. Let z = 144 + t. What is the highest common factor of 6 and z?
6
Let n = 418 - 310. Suppose 4*b - 71 = -5*h + 63, 190 = 5*b - 5*h. Calculate the highest common divisor of n and b.
36
Suppose 4*s + 3*q = 270, 4*s + q = -77 + 351. What is the highest common factor of 184 and s?
23
Let f(l) = 3*l**2 - 2*l + 3. Let s be f(-3). Suppose 2*w = -j + 12, -4*j + 9*w + 48 = 13*w. What is the greatest common divisor of j and s?
12
Let s = 20 + -16. Suppose 0 = s*v - 4 + 24. Let r be (v - -3)/(2/(-38)). What is the greatest common divisor of r and 95?
19
Let w(l) be the first derivative of l**4/2 - 4*l**3/3 - l + 4. Let f be w(3). Let h = -10 + f. Calculate the highest common divisor of h and 63.
7
Suppose 2*g = 5*g - 12. Suppose g*f + 24 = 6*f. Suppose h - f = 3. Calculate the greatest common divisor of h and 3.
3
Let y(c) = -25*c - 166. Let l be y(-7). What is the greatest common divisor of l and 63?
9
Let r(h) = h**2 - 5*h - 13. Let k be 1102/(-10) + (-4)/(-20). Let l be (-4)/(-22) + (-970)/k. Let m be r(l). What is the highest common divisor of 115 and m?
23
Suppose 5*q + 35 = x, 5*q + 5*x = -0*q - 65. Let f(s) = -4 - 1 + s**2 + 4*s - 4. Let r be f(q). Calculate the greatest common divisor of r and 23.
23
Let z = -31 - -34. What is the greatest common divisor of 90 and z?
3
Suppose 0 = k + 3*k - 100. Let z(n) be the second derivative of 11*n**3/6 - 3*n**2 - 13*n. Let b be z(1). What is the greatest common divisor of k and b?
5
Let b(o) = -3*o. Let w be b(0). Suppose 3*h + 4*z = 60, w = 5*h - 0*z - z - 123. What is the greatest common factor of h and 3?
3
Let i = -6 - -19. Let n = 62 + -128. Let j be 3 - 0 - (n + i). Calculate the highest common divisor of 8 and j.
8
Suppose 212*z - 48 = 204*z. What is the greatest common factor of z and 6?
6
Suppose -40 = -11*z + 7*z. Suppose 0 = 2*r + z, -4*v - 5*r + 53 = -38. Suppose 5*q = 7*q - 232. What is the greatest common factor of q and v?
29
Let n(x) = -x**2 - 7*x - 6. Let i be n(-6). Suppose k + 2*k + l = 45, -3*l - 9 = i. Calculate the highest common divisor of 16 and k.
16
Let j = 33 + -27. Suppose -x = -5*w + 18, -5*w + 4*x + 33 = j. Let k be (110 - (w - 3)) + 1. Calculate the greatest common factor of k and 37.
37
Suppose 17*n - 19*n = -12. Let v(c) = -2*c**2 + 5*c + 2. Let a be v(n). Let s = -22 - a. Calculate the greatest common factor of s and 18.
18
Let g(k) = k**2 + 4. Let c be g(0). Let o be 48/2*(-21)/(-6). Let i = -56 + o. What is the greatest common factor of c and i?
4
Let b be ((-756)/7)/6*(-16 - 0). Calculate the greatest common divisor of b and 32.
32
Let u be (1 + 0/(-3))/((-1)/(-11)). Suppose u*q - 130 = 156. What is the highest common factor of 26 and q?
26
Suppose 0 = 2046*j - 2033*j - 1820. What is the highest common factor of j and 812?
28
Suppose 5*a - 5*q - 7 + 2 = 0, -2*a = 3*q + 23. Let x = 4 - a. Suppose 3*g - x = -2. What is the greatest common factor of 1 and g?
1
Suppose 0 = 10*a - 61 - 1369. Calculate the highest common divisor of 156 and a.
13
Let z = 3 + 4. Suppose -114*b + 49 = -113*b. Calculate the greatest common divisor of z and b.
7
Suppose i - 1 = 0, -f - f + 5*i - 203 = 0. Let u = f + 162. Let v be (-18)/u - 144/(-14). Calculate the highest common factor of v and 30.
10
Suppose 5*p + 5*s = 165, 0*p + 2*s - 33 = -p. Let a be 112/14 - 10/((-4)/(-2)). Calculate the highest common factor of a and p.
3
Suppose 1280 = 4*q - 4*v, -13*q = -8*q - v - 1580. What is the greatest common factor of q and 210?
105
Suppose 4*t + 0*t + 2*h + 12 = 0, -h - 15 = 5*t. Let v(i) = 6*i**2 - 6*i - 7. Let n be v(t). What is the highest common divisor of 5 and n?
5
Let d(h) be the third derivative of h**6/120 - 7*h**5/60 - h**4/2 - 2*h**3 + 5*h**2. Let n be d(9). What is the highest common divisor of n and 105?
21
Let c be 265 + (-2 - 5) + 2. What is the highest common divisor of c and 40?
20
Let b = -187 + 190. Calculate the greatest common factor of b and 3.
3
Let l = 77 - 51. Let r = 69 - 142. Let b = r - -138. What is the highest common divisor of l and b?
13
Suppose m = -3*b - 0*m + 2269, -4*b + 3027 = 3*m. Calculate the highest common divisor of b and 28.
28
Let f(b) = 2*b**2 + 2*b - 1. Let k = -5 + 11. Let g be (1/2)/(1/k). Let p be f(g). Calculate the highest common divisor of p and 46.
23
Let d = 65 + -61. Let x be ((-260)/15)/(-1*d/6). Calculate the greatest common divisor of 65 and x.
13
Suppose 0*i = -6*i - 240. Let a = i - -56. What is the highest common divisor of 40 and a?
8
Suppose 2*a - 298 = -g, -a 